-27). Suppose -3*f = -n*f - 2. Is (7/(-2) - f)/((-18)/552) a prime number?
False
Let g(k) = 130*k**2 + 735*k - 1. Is g(24) a composite number?
True
Let c = 740 + -415. Suppose 105 = -5*h + c. Suppose -h*a = -48*a + 316. Is a prime?
True
Suppose -2*x + 21360 = -0*x. Let d = x + -2223. Is d prime?
False
Let i(d) = -63*d**3 - 2*d. Let r be (-4)/6 - (-6 - 520/24). Suppose 8*j - r = 5*m + 4*j, -9 = -3*j. Is i(m) composite?
True
Suppose -115 = -5*z - 3*t - 2*t, -3*z = -4*t - 90. Suppose -22*p + z*p = 7772. Is p a composite number?
True
Let w(h) = 7*h**2 + 8*h + 21. Let v be w(-3). Suppose v*u - 3386 = 58*u. Is u a prime number?
True
Let q = 117265 + -28476. Is q prime?
True
Suppose -5*b + 2637 + 903 = 0. Suppose -4*s = 4*g - b, g - s - 171 = -5*s. Is g composite?
False
Suppose 0 = j + 3, 669944 = 4*p - 14*j + 10*j. Is p a prime number?
True
Suppose -4*r - 2*z = -34380, -5*z = -3*z + 4. Let l = -10817 - -16606. Let o = r - l. Is o a composite number?
True
Suppose 38*d = 35*d + 3, 2*w - 2*d = 2408412. Is w composite?
False
Let n(d) = -5183*d + 13. Let o be n(-3). Suppose -9*f + 59291 = -o. Let b = -5486 + f. Is b prime?
False
Suppose 5*g - 375290 = 3*i, 2*g - 10*i - 150102 = -6*i. Is g prime?
False
Suppose 0*a + 36*a - 17136 = 0. Suppose 1512 = 4*z + d, 0 = -5*z + d + a + 1405. Is z composite?
True
Let m be (-1012)/(-198) - (-1)/(-9). Suppose -y - 1811 = -v, 0 = -4*v + 2*y - m*y + 7244. Is v a composite number?
False
Suppose -546 = 5*d - 4*s, -25 = -5*d + 3*s - 567. Let k = d - -201. Is 8/(-76) - (-47415)/k prime?
True
Suppose 5*g = -4*d - 18, 5*d + 2*g + 11 + 3 = 0. Is -2 + (6392 - (3 - d)) a composite number?
True
Let j = -51 + 52. Let n = j + -7. Is (2/n*3)/1 - -614 composite?
False
Suppose -4*m + 6 = -10. Let u(r) = 79*r**3 + 4*r - 3. Let v be u(m). Suppose 6*q = 5185 + v. Is q composite?
False
Let p(q) = 524554*q**2 + 60*q - 63. Is p(1) a prime number?
False
Let k(d) be the first derivative of 3*d - 5/4*d**4 + 4*d**2 - 16 + d**3. Is k(-3) prime?
False
Suppose -6*o - 5*l + 5026 = -2*o, 3785 = 3*o - 4*l. Is o a prime number?
True
Let z(w) = 9*w**2 - 3*w - 3. Let t be z(-2). Let x = t - 43. Is 500 + x/12*-9 prime?
True
Let c = -20721 - -161522. Is c a prime number?
False
Is ((-8260)/560)/(2 - (-5355)/(-2676)) a composite number?
True
Is (-1 + 5)/(92/23)*24437 a prime number?
False
Let i be 0 - 615 - (1 - -1). Let g(o) = 3*o**3 + 71*o**2 + 12*o - 60. Let m be g(-21). Let j = i + m. Is j prime?
False
Suppose 5*z - z - 349318 = -2*k, -4*z = -k + 174659. Is k prime?
True
Suppose -47*g = -8179126 - 4269811. Is g composite?
False
Let t(d) = -7*d**2 + 274*d + 81. Is t(22) composite?
True
Let x(g) = g**3 + 6*g**2 - 3*g - 7. Let w be x(-5). Let i = w + -31. Suppose l - 1659 = -i*l. Is l a composite number?
True
Let b(o) be the first derivative of -o**4/4 + 7*o**2/2 + 9*o - 6. Let k be b(-2). Let y(s) = 118*s**2 + 5*s - 4. Is y(k) composite?
True
Suppose 2*r + 379 = -1257. Let b = r + 1405. Is b a composite number?
False
Suppose 0 = 4*c - 4*a - 327844, 5*c - 10*c = -2*a - 409805. Is c a prime number?
False
Let n be 1968 + ((-8)/4 - 2). Suppose 8*h = -n + 26388. Is h composite?
True
Is 8*(-2 - (-8843)/12)/((-47)/(-141)) a prime number?
False
Suppose -64*z - 4245014 = -183*z + 7401873. Is z a prime number?
False
Let d(u) = u**3 - u**2 - 11*u + 22411. Is d(0) prime?
False
Let y(r) = -r**2 + 6*r + 13. Let f be y(8). Let x(g) = 476*g**2 - g + 10. Is x(f) composite?
False
Let y(n) = n**3 - 19*n**2 - n + 125. Is y(28) prime?
False
Let u(o) = 4699*o - 150. Let y be u(-2). Let c = 21283 + y. Is c a prime number?
False
Suppose 3 = -3*i, 4*q - 2*i - 118 = 2*q. Suppose 2*p - 8 = 0, -3*j - p = 3*p - 2950. Suppose 55*c - q*c + j = 0. Is c a prime number?
False
Let c = 212 - 112. Let g = 145 - c. Is (-3 - (-4 - g))/((-4)/(-62)) a composite number?
True
Let c(q) = 139*q**3 - 2*q**2 + 14*q - 28. Let w be c(4). Suppose w = 2*m + 1094. Is m a composite number?
True
Let j(f) be the first derivative of -11*f**4/24 + 2*f**3 + 9*f**2/2 + 1. Let w(c) be the second derivative of j(c). Is w(-9) prime?
False
Suppose 7*q - 33*d + 38*d - 149614 = 0, 0 = -2*q - 2*d + 42744. Is q composite?
False
Let c(v) = -v - 13. Suppose 0 = -3*n + 4*j - 62, -3*j - 13 = 2*n - 0*j. Let z be c(n). Is 3 - (z + -4)*(-4952)/(-12) composite?
True
Let h(a) = -a**3 + 7*a**2 + 7*a + 3. Let u(m) = -m**3 + 5*m**2 + 12*m + 4. Let f be u(6). Suppose 2*i = 4*y + f, -y + 2*i - 12 = i. Is h(y) composite?
False
Let s = -58 + 69. Suppose 5*n = s*n - 33168. Suppose -j - 7*j = -n. Is j a composite number?
False
Suppose -624*c = -722*c + 83006098. Is c prime?
False
Let f = 4033 + 3959. Let o = -4542 + f. Suppose 208 = -2*m + o. Is m composite?
False
Let b be (-120)/(-6) + 1 + -3 + 1. Suppose -b*u = -15*u - 472. Suppose 0 = -4*y - u + 290. Is y a prime number?
True
Let k = 14563 + 19768. Is k composite?
True
Let j = 19052 - 9765. Is j a prime number?
False
Is 3 + 27/((-216)/(-573616)) - 2*3 composite?
False
Let o(c) = 45*c**2 + 9*c - 47. Let n = -178 - -182. Is o(n) prime?
True
Suppose -30*d + 1738535 = 68*d - 10189731. Is d composite?
True
Suppose -6*l + 11*l + 4*o - 24 = 0, -3*l + 5*o + 44 = 0. Suppose l*m - 57154 = 166902. Is m composite?
True
Let l(o) = -8*o - 62. Let h be l(-7). Is (h/(-9))/((-2)/(-4659)) a composite number?
False
Suppose 44628 - 172026 = -6*h. Is h a prime number?
False
Let v(r) = 873*r**2 - 64*r + 2. Is v(-2) prime?
False
Let k(m) = 5*m**2 + 213*m + 1469. Is k(-7) prime?
True
Suppose 6*m = 10*m - 2136. Let j be (-1 + (1 - -8))*m/12. Suppose 0 = 9*y - 13*y + j. Is y prime?
True
Suppose -2*d - 1029*z + 1001322 = -1025*z, -3*d + 1502008 = z. Is d a prime number?
True
Let d(a) = a**3 + 5*a**2 + 5*a + 6. Let k be d(-4). Suppose -k*g + 5208 = 5*g. Let w = g - 437. Is w a prime number?
True
Let k = -819887 + 1386570. Is k composite?
True
Let v(l) = 5*l + 32. Let k be v(-6). Suppose 2 = -k*o - 3*a, -o + a - 2 = -3*o. Is 2924/o - (5 - (6 - 2)) a composite number?
True
Suppose -16*p + 28*p = 84. Let m(n) = -n**3 - 4*n**2 - 3*n + 9. Let r(b) = 4*b**3 + 17*b**2 + 11*b - 37. Let t(q) = -9*m(q) - 2*r(q). Is t(p) prime?
False
Let d(k) = -420*k - 21. Let a be d(-7). Suppose -8*l - 4305 - a = 0. Let s = 16 - l. Is s composite?
False
Suppose -4*z - 5 = f, -3*f - 23 + 8 = 0. Suppose -4*c - 12 = z, -21 = i + c + 4*c. Is (3062/3)/(-1)*9/i a prime number?
True
Is (-8)/(-3)*(-288784851)/(-2776) a composite number?
False
Let v = 10992 - -22667. Is v a prime number?
False
Let c(n) = 175*n**2 - 10*n - 7. Let m(g) = 527*g**2 - 28*g - 20. Let o(r) = -17*c(r) + 6*m(r). Suppose 0*t = t - 2. Is o(t) a prime number?
True
Let v be (-18)/36 - (-2)/4. Suppose 35 = -5*u - v*u. Is (u/(-21))/(2/5514) a prime number?
True
Suppose -d = 5*d + 15*d - 858081. Is d a composite number?
True
Suppose -3*c = -6*b + 28227, -b - 55*c + 4718 = -60*c. Is b a prime number?
True
Let d(j) = j**2 + 5*j - 21. Let b be d(-8). Suppose 2*p - 50 = -5*h, -h + p - b = -20. Suppose -3*c = h, -l + 247 + 158 = -3*c. Is l composite?
True
Let u be ((-568)/10 - -2)/(2/(-30)). Suppose -4090 = -2*o - 4*v, -o + 1195 = -5*v - u. Suppose 3*q - 2*z - o = 0, 981 = 2*q - z - 377. Is q composite?
True
Suppose -801*j + 702*j + 666567 = 0. Is j composite?
False
Let h be 3 - 306/21 - (-4)/7. Let n = h - -282. Is n prime?
True
Suppose 0 = -5*x + 3*g + 60, 0 = -2*x - 3*x - 3*g + 30. Let a(q) = q**2 - 3 + 4 - 4 - 1. Is a(x) a prime number?
False
Let q(m) = 162*m - 115. Let n be q(-10). Let v = n - -2690. Is v prime?
False
Let z be 1 + -1*(-3 + -91). Let k = z - 90. Is 2/k - 4533/(-5) a prime number?
True
Suppose -28 = 4*r + 4*u - 80, 0 = 5*r - 3*u - 41. Is ((-92)/r)/(10/(-175)) composite?
True
Let u(n) = 2043*n**2 + 3*n + 1. Let g be u(-1). Let k = 538 + g. Is k composite?
False
Suppose 0 = 4*a + 27 - 23. Let z = 1080 - a. Is z prime?
False
Let z(b) = -14408*b - 7437. Is z(-43) a composite number?
False
Let v(w) be the first derivative of 1/2*w**2 - 6 + 71/3*w**3 + w. Is v(2) prime?
False
Suppose 7 + 13 = -5*z, 4*o - 76 = 5*z. Is ((-21)/o - -1)/((-1)/7814) a prime number?
True
Suppose -o - 28 + 31 = 0. Let v(s) = 4*s - 6*s**2 + o*s**3 + 3 + 2 + s + 0*s. Is v(4) a composite number?
True
Let u(n) = 74*n + 4. Let b be u(-24). Let j = 3939 + b. Is j composite?
True
Let o = 534 - 286